{"id":1369,"date":"2025-12-17T17:34:08","date_gmt":"2025-12-17T17:34:08","guid":{"rendered":"https:\/\/quirky-volhard.212-227-187-134.plesk.page\/?post_type=product&#038;p=1369"},"modified":"2026-03-19T11:33:16","modified_gmt":"2026-03-19T11:33:16","slug":"mousse-ai-tre-cioccolati-2","status":"publish","type":"product","link":"https:\/\/quirky-volhard.212-227-187-134.plesk.page\/?product=mousse-ai-tre-cioccolati-2","title":{"rendered":"Mousse ai tre Cioccolati"},"content":{"rendered":"<p>Tre strati di pura golosit\u00e0, ognuno con la sua identit\u00e0: la base \u00e8 una mousse di cioccolato fondente, intensa e vellutata, che lascia spazio a uno strato di cioccolato al latte, pi\u00f9 dolce e avvolgente. A coronare il tutto, uno strato di cioccolato bianco, leggero e delicato, per un finale che si scioglie in bocca.<\/p>\n<p>Ogni morso \u00e8 un viaggio tra dolcezza e intensit\u00e0, un equilibrio perfetto tra le diverse sfumature del cioccolato. Questa mousse \u00e8 il dessert ideale per chi cerca un&#8217;emozione, un piacere che sazia il desiderio di dolcezza senza appesantire.<\/p>\n","protected":false},"excerpt":{"rendered":"<p>Cioccolato bianco, panna montata, cioccolato al latte, cioccolato fondente<\/p>\n","protected":false},"featured_media":1076,"comment_status":"open","ping_status":"closed","template":"","meta":{"_bst_post_transparent":"default","_bst_post_title":"","_bst_post_layout":"default","_bst_post_sidebar_id":"","_bst_post_content_style":"default","_bst_post_vertical_padding":"default","_bst_post_feature":"","_bst_post_feature_position":"","_bst_post_header":false,"_bst_post_footer":false},"product_brand":[],"product_cat":[44],"product_tag":[],"product_brands":[],"class_list":{"0":"post-1369","1":"product","2":"type-product","3":"status-publish","4":"has-post-thumbnail","6":"product_cat-torte","8":"first","9":"instock","10":"taxable","11":"shipping-taxable","12":"purchasable","13":"product-type-variable","14":"entry","15":"content-bg","16":"loop-entry"},"aioseo_notices":[],"jetpack_sharing_enabled":true,"_links":{"self":[{"href":"https:\/\/quirky-volhard.212-227-187-134.plesk.page\/index.php?rest_route=\/wp\/v2\/product\/1369","targetHints":{"allow":["GET"]}}],"collection":[{"href":"https:\/\/quirky-volhard.212-227-187-134.plesk.page\/index.php?rest_route=\/wp\/v2\/product"}],"about":[{"href":"https:\/\/quirky-volhard.212-227-187-134.plesk.page\/index.php?rest_route=\/wp\/v2\/types\/product"}],"replies":[{"embeddable":true,"href":"https:\/\/quirky-volhard.212-227-187-134.plesk.page\/index.php?rest_route=%2Fwp%2Fv2%2Fcomments&post=1369"}],"wp:featuredmedia":[{"embeddable":true,"href":"https:\/\/quirky-volhard.212-227-187-134.plesk.page\/index.php?rest_route=\/wp\/v2\/media\/1076"}],"wp:attachment":[{"href":"https:\/\/quirky-volhard.212-227-187-134.plesk.page\/index.php?rest_route=%2Fwp%2Fv2%2Fmedia&parent=1369"}],"wp:term":[{"taxonomy":"product_brand","embeddable":true,"href":"https:\/\/quirky-volhard.212-227-187-134.plesk.page\/index.php?rest_route=%2Fwp%2Fv2%2Fproduct_brand&post=1369"},{"taxonomy":"product_cat","embeddable":true,"href":"https:\/\/quirky-volhard.212-227-187-134.plesk.page\/index.php?rest_route=%2Fwp%2Fv2%2Fproduct_cat&post=1369"},{"taxonomy":"product_tag","embeddable":true,"href":"https:\/\/quirky-volhard.212-227-187-134.plesk.page\/index.php?rest_route=%2Fwp%2Fv2%2Fproduct_tag&post=1369"},{"taxonomy":"product_brands","embeddable":true,"href":"https:\/\/quirky-volhard.212-227-187-134.plesk.page\/index.php?rest_route=%2Fwp%2Fv2%2Fproduct_brands&post=1369"}],"curies":[{"name":"wp","href":"https:\/\/api.w.org\/{rel}","templated":true}]}}